{"id":58470,"date":"2024-04-17T15:57:47","date_gmt":"2024-04-17T13:57:47","guid":{"rendered":"https:\/\/pro.alfaforni.com\/faq-items\/dove-posso-installare-i-forni-da-esterno-alfa\/"},"modified":"2024-04-19T10:18:03","modified_gmt":"2024-04-19T08:18:03","slug":"ou-puis-je-installer-les-fours-exterieurs-alfa","status":"publish","type":"avada_faq","link":"https:\/\/pro.alfaforni.com\/fr\/faq-items\/ou-puis-je-installer-les-fours-exterieurs-alfa\/","title":{"rendered":"O\u00f9 puis-je installer les fours ext\u00e9rieurs Alfa?"},"content":{"rendered":"<p><strong>Presque partout. Nos fours \u00e0 pizza en acier sont disponibles en version mobile avec des roulettes\u00a0<\/strong>pour les utiliser sur votre terrasse ou votre jardin et ensuite les ranger dans un endroit ferm\u00e9 quand vous ne vous en servez pas.\u00a0<strong>Notre gamme comprend \u00e9galement des mod\u00e8les plus petits si l\u2019espace est limit\u00e9. Notre<\/strong>\u00a0<b><a href=\"\/fr\/produit\/one-le-four-italien-pour-tout-un-chacun\/\">four One<\/a><\/b>, par exemple,\u00a0<strong>est carr\u00e9ment parfait pour cuisiner sur le balcon.<\/strong><\/p>\n<p>Pour ce qui est des fours \u00e0 gaz, vous pourrez les brancher au r\u00e9seau ou \u00e0 une bouteille de GPL.<\/p>\n","protected":false},"excerpt":{"rendered":"<p>Presque partout. Nos fours \u00e0 pizza en acier sont disponibles  [&#8230;]<\/p>\n","protected":false},"author":900,"featured_media":0,"menu_order":0,"comment_status":"closed","ping_status":"closed","template":"","format":"standard","meta":{"_acf_changed":false,"footnotes":""},"faq_category":[664],"class_list":["post-58470","avada_faq","type-avada_faq","status-publish","format-standard","hentry","faq_category-sezione-forni-domestici-fr"],"acf":[],"_links":{"self":[{"href":"https:\/\/pro.alfaforni.com\/fr\/wp-json\/wp\/v2\/avada_faq\/58470","targetHints":{"allow":["GET"]}}],"collection":[{"href":"https:\/\/pro.alfaforni.com\/fr\/wp-json\/wp\/v2\/avada_faq"}],"about":[{"href":"https:\/\/pro.alfaforni.com\/fr\/wp-json\/wp\/v2\/types\/avada_faq"}],"author":[{"embeddable":true,"href":"https:\/\/pro.alfaforni.com\/fr\/wp-json\/wp\/v2\/users\/900"}],"replies":[{"embeddable":true,"href":"https:\/\/pro.alfaforni.com\/fr\/wp-json\/wp\/v2\/comments?post=58470"}],"version-history":[{"count":2,"href":"https:\/\/pro.alfaforni.com\/fr\/wp-json\/wp\/v2\/avada_faq\/58470\/revisions"}],"predecessor-version":[{"id":58487,"href":"https:\/\/pro.alfaforni.com\/fr\/wp-json\/wp\/v2\/avada_faq\/58470\/revisions\/58487"}],"wp:attachment":[{"href":"https:\/\/pro.alfaforni.com\/fr\/wp-json\/wp\/v2\/media?parent=58470"}],"wp:term":[{"taxonomy":"faq_category","embeddable":true,"href":"https:\/\/pro.alfaforni.com\/fr\/wp-json\/wp\/v2\/faq_category?post=58470"}],"curies":[{"name":"wp","href":"https:\/\/api.w.org\/{rel}","templated":true}]}}

Où puis-je installer les fours extérieurs Alfa?

<p><strong>Presque partout. Nos fours à pizza en acier sont disponibles en version mobile avec des roulettes </strong>pour les utiliser sur votre terrasse ou votre jardin et ensuite les ranger dans un endroit fermé quand vous ne vous en servez pas. <strong>Notre gamme comprend également des modèles plus petits si l’espace est limité. Notre</strong> <b><a href="/fr/produit/one-le-four-italien-pour-tout-un-chacun/">four One</a></b>, par exemple, <strong>est carrément parfait pour cuisiner sur le balcon.</strong></p>
<p>Pour ce qui est des fours à gaz, vous pourrez les brancher au réseau ou à une bouteille de GPL.</p>

<p>Presque partout. Nos fours à pizza en acier sont disponibles  [&#8230;]</p>
