{"id":58408,"date":"2024-04-17T16:21:28","date_gmt":"2024-04-17T14:21:28","guid":{"rendered":"https:\/\/pro.alfaforni.com\/faq-items\/posso-personalizzare-il-design-dei-forni\/"},"modified":"2024-04-19T10:02:54","modified_gmt":"2024-04-19T08:02:54","slug":"puedo-personalizar-el-diseno-de-los-hornos","status":"publish","type":"avada_faq","link":"https:\/\/pro.alfaforni.com\/es\/faq-items\/puedo-personalizar-el-diseno-de-los-hornos\/","title":{"rendered":"\u00bfPuedo personalizar el dise\u00f1o de los hornos?"},"content":{"rendered":"<p>Puedes personalizar tu horno de acero eligiendo el color entre los disponibles y el tipo de combustible entre\u00a0<strong>le\u00f1a, gas, h\u00edbrido y el\u00e9ctrico.<\/strong><\/p>\n","protected":false},"excerpt":{"rendered":"<p>Puedes personalizar tu horno de acero eligiendo el color entre  [&#8230;]<\/p>\n","protected":false},"author":900,"featured_media":0,"menu_order":0,"comment_status":"closed","ping_status":"closed","template":"","format":"standard","meta":{"_acf_changed":false,"footnotes":""},"faq_category":[662],"class_list":["post-58408","avada_faq","type-avada_faq","status-publish","format-standard","hentry","faq_category-sezione-forni-professionali-es"],"acf":[],"_links":{"self":[{"href":"https:\/\/pro.alfaforni.com\/es\/wp-json\/wp\/v2\/avada_faq\/58408","targetHints":{"allow":["GET"]}}],"collection":[{"href":"https:\/\/pro.alfaforni.com\/es\/wp-json\/wp\/v2\/avada_faq"}],"about":[{"href":"https:\/\/pro.alfaforni.com\/es\/wp-json\/wp\/v2\/types\/avada_faq"}],"author":[{"embeddable":true,"href":"https:\/\/pro.alfaforni.com\/es\/wp-json\/wp\/v2\/users\/900"}],"replies":[{"embeddable":true,"href":"https:\/\/pro.alfaforni.com\/es\/wp-json\/wp\/v2\/comments?post=58408"}],"version-history":[{"count":1,"href":"https:\/\/pro.alfaforni.com\/es\/wp-json\/wp\/v2\/avada_faq\/58408\/revisions"}],"predecessor-version":[{"id":58433,"href":"https:\/\/pro.alfaforni.com\/es\/wp-json\/wp\/v2\/avada_faq\/58408\/revisions\/58433"}],"wp:attachment":[{"href":"https:\/\/pro.alfaforni.com\/es\/wp-json\/wp\/v2\/media?parent=58408"}],"wp:term":[{"taxonomy":"faq_category","embeddable":true,"href":"https:\/\/pro.alfaforni.com\/es\/wp-json\/wp\/v2\/faq_category?post=58408"}],"curies":[{"name":"wp","href":"https:\/\/api.w.org\/{rel}","templated":true}]}}

¿Puedo personalizar el diseño de los hornos?

<p>Puedes personalizar tu horno de acero eligiendo el color entre los disponibles y el tipo de combustible entre <strong>leña, gas, híbrido y eléctrico.</strong></p>
