{"id":58656,"date":"2024-04-17T16:21:28","date_gmt":"2024-04-17T14:21:28","guid":{"rendered":"https:\/\/pro.alfaforni.com\/faq-items\/posso-personalizzare-il-design-dei-forni\/"},"modified":"2024-04-19T11:46:06","modified_gmt":"2024-04-19T09:46:06","slug":"koennen-die-alfa-backoefen-individualisiert-werden-2","status":"publish","type":"avada_faq","link":"https:\/\/pro.alfaforni.com\/de\/faq-items\/koennen-die-alfa-backoefen-individualisiert-werden-2\/","title":{"rendered":"K\u00f6nnen die Alfa Back\u00f6fen individualisiert werden?"},"content":{"rendered":"<p>F\u00fcr die meisten Modellen der professionellen Back\u00f6fen aus Stahl k\u00f6nnen Sie\u00a0<strong>die Farbe aus der Palette w\u00e4hlen<\/strong>.<\/p>\n<p>Sie k\u00f6nnen au\u00dferdem die Betriebsart Ihres Alfa Backofens individualisieren. F\u00fcr die professionelle Palette sind die folgenden Betriebsarten verf\u00fcgbar:<\/p>\n<ul>\n<li><strong>Holz<\/strong><\/li>\n<li><strong>Gas<\/strong><\/li>\n<li><strong>Elektrisch<\/strong><\/li>\n<li><strong>Hybrid<\/strong><\/li>\n<\/ul>\n","protected":false},"excerpt":{"rendered":"<p>F\u00fcr die meisten Modellen der professionellen Back\u00f6fen aus Stahl k\u00f6nnen  [&#8230;]<\/p>\n","protected":false},"author":900,"featured_media":0,"menu_order":0,"comment_status":"closed","ping_status":"closed","template":"","format":"standard","meta":{"_acf_changed":false,"footnotes":""},"faq_category":[668],"class_list":["post-58656","avada_faq","type-avada_faq","status-publish","format-standard","hentry","faq_category-sezione-forni-professionali-de"],"acf":[],"_links":{"self":[{"href":"https:\/\/pro.alfaforni.com\/de\/wp-json\/wp\/v2\/avada_faq\/58656","targetHints":{"allow":["GET"]}}],"collection":[{"href":"https:\/\/pro.alfaforni.com\/de\/wp-json\/wp\/v2\/avada_faq"}],"about":[{"href":"https:\/\/pro.alfaforni.com\/de\/wp-json\/wp\/v2\/types\/avada_faq"}],"author":[{"embeddable":true,"href":"https:\/\/pro.alfaforni.com\/de\/wp-json\/wp\/v2\/users\/900"}],"replies":[{"embeddable":true,"href":"https:\/\/pro.alfaforni.com\/de\/wp-json\/wp\/v2\/comments?post=58656"}],"version-history":[{"count":2,"href":"https:\/\/pro.alfaforni.com\/de\/wp-json\/wp\/v2\/avada_faq\/58656\/revisions"}],"predecessor-version":[{"id":58687,"href":"https:\/\/pro.alfaforni.com\/de\/wp-json\/wp\/v2\/avada_faq\/58656\/revisions\/58687"}],"wp:attachment":[{"href":"https:\/\/pro.alfaforni.com\/de\/wp-json\/wp\/v2\/media?parent=58656"}],"wp:term":[{"taxonomy":"faq_category","embeddable":true,"href":"https:\/\/pro.alfaforni.com\/de\/wp-json\/wp\/v2\/faq_category?post=58656"}],"curies":[{"name":"wp","href":"https:\/\/api.w.org\/{rel}","templated":true}]}}

Können die Alfa Backöfen individualisiert werden?

<p>Für die meisten Modellen der professionellen Backöfen aus Stahl können Sie <strong>die Farbe aus der Palette wählen</strong>.</p>
<p>Sie können außerdem die Betriebsart Ihres Alfa Backofens individualisieren. Für die professionelle Palette sind die folgenden Betriebsarten verfügbar:</p>
<ul>
<li><strong>Holz</strong></li>
<li><strong>Gas</strong></li>
<li><strong>Elektrisch</strong></li>
<li><strong>Hybrid</strong></li>
</ul>

<p>Für die meisten Modellen der professionellen Backöfen aus Stahl können  [&#8230;]</p>
