{"id":58644,"date":"2024-04-17T16:08:41","date_gmt":"2024-04-17T14:08:41","guid":{"rendered":"https:\/\/pro.alfaforni.com\/faq-items\/posso-personalizzare-i-forni-alfa\/"},"modified":"2024-04-19T11:41:56","modified_gmt":"2024-04-19T09:41:56","slug":"koennen-die-alfa-backoefen-individualisiert-werden","status":"publish","type":"avada_faq","link":"https:\/\/pro.alfaforni.com\/de\/faq-items\/koennen-die-alfa-backoefen-individualisiert-werden\/","title":{"rendered":"K\u00f6nnen die Alfa Back\u00f6fen individualisiert werden?"},"content":{"rendered":"<p>Sie k\u00f6nnen grunds\u00e4tzlich die Betriebsart Ihres Alfa Backofens individualisieren.<\/p>\n<ul>\n<li><strong>Holz<\/strong><\/li>\n<li><strong>Gas<\/strong><\/li>\n<li><strong>Hybrid<\/strong><\/li>\n<\/ul>\n<p>F\u00fcr einige Modelle kann man aus der Palette auch die passende Farbe w\u00e4hlen.<\/p>\n","protected":false},"excerpt":{"rendered":"<p>Sie k\u00f6nnen grunds\u00e4tzlich die Betriebsart Ihres Alfa Backofens individualisieren. Holz  [&#8230;]<\/p>\n","protected":false},"author":900,"featured_media":0,"menu_order":0,"comment_status":"closed","ping_status":"closed","template":"","format":"standard","meta":{"_acf_changed":false,"footnotes":""},"faq_category":[667],"class_list":["post-58644","avada_faq","type-avada_faq","status-publish","format-standard","hentry","faq_category-sezione-forni-domestici-de"],"acf":[],"_links":{"self":[{"href":"https:\/\/pro.alfaforni.com\/de\/wp-json\/wp\/v2\/avada_faq\/58644","targetHints":{"allow":["GET"]}}],"collection":[{"href":"https:\/\/pro.alfaforni.com\/de\/wp-json\/wp\/v2\/avada_faq"}],"about":[{"href":"https:\/\/pro.alfaforni.com\/de\/wp-json\/wp\/v2\/types\/avada_faq"}],"author":[{"embeddable":true,"href":"https:\/\/pro.alfaforni.com\/de\/wp-json\/wp\/v2\/users\/900"}],"replies":[{"embeddable":true,"href":"https:\/\/pro.alfaforni.com\/de\/wp-json\/wp\/v2\/comments?post=58644"}],"version-history":[{"count":1,"href":"https:\/\/pro.alfaforni.com\/de\/wp-json\/wp\/v2\/avada_faq\/58644\/revisions"}],"predecessor-version":[{"id":58672,"href":"https:\/\/pro.alfaforni.com\/de\/wp-json\/wp\/v2\/avada_faq\/58644\/revisions\/58672"}],"wp:attachment":[{"href":"https:\/\/pro.alfaforni.com\/de\/wp-json\/wp\/v2\/media?parent=58644"}],"wp:term":[{"taxonomy":"faq_category","embeddable":true,"href":"https:\/\/pro.alfaforni.com\/de\/wp-json\/wp\/v2\/faq_category?post=58644"}],"curies":[{"name":"wp","href":"https:\/\/api.w.org\/{rel}","templated":true}]}}

Können die Alfa Backöfen individualisiert werden?

<p>Sie können grundsätzlich die Betriebsart Ihres Alfa Backofens individualisieren.</p>
<ul>
<li><strong>Holz</strong></li>
<li><strong>Gas</strong></li>
<li><strong>Hybrid</strong></li>
</ul>
<p>Für einige Modelle kann man aus der Palette auch die passende Farbe wählen.</p>

<p>Sie können grundsätzlich die Betriebsart Ihres Alfa Backofens individualisieren. Holz  [&#8230;]</p>
