{"id":58589,"date":"2024-04-17T15:57:47","date_gmt":"2024-04-17T13:57:47","guid":{"rendered":"https:\/\/pro.alfaforni.com\/faq-items\/dove-posso-installare-i-forni-da-esterno-alfa\/"},"modified":"2024-04-19T11:13:42","modified_gmt":"2024-04-19T09:13:42","slug":"wo-kann-ich-die-alfa-backoefen-fuer-den-aussenbereich-installieren","status":"publish","type":"avada_faq","link":"https:\/\/pro.alfaforni.com\/de\/faq-items\/wo-kann-ich-die-alfa-backoefen-fuer-den-aussenbereich-installieren\/","title":{"rendered":"Wo kann ich die Alfa Back\u00f6fen f\u00fcr den Au\u00dfenbereich installieren?"},"content":{"rendered":"<p><strong>Unsere Pizzaback\u00f6fen aus Stahl k\u00f6nnen \u00fcberall,\u00a0<\/strong>sowohl im Innen- als auch Au\u00dfenbereich,<strong>\u00a0installiert werden.<\/strong><\/p>\n<p><strong>Die mobilen Back\u00f6fen aus Stahl<\/strong>\u00a0k\u00f6nnen zusammen mit dem Untergestell mit R\u00e4dern gekauft werden, wodurch sie sich\u00a0<strong>bequem \u00fcberall im Garten einsetzen<\/strong>\u00a0und sich im Winter leicht in der Garage verstauen lassen.<\/p>\n<p><strong>Auch die traditionellen Back\u00f6fen k\u00f6nnen im Innen- und Au\u00dfenbereich installiert werden<\/strong>\u00a0aber in beiden F\u00e4llen sind Mauerwerke erforderlich.<\/p>\n<p>Wer \u00fcber wenig Platz im Garten oder auf der Terrasse verf\u00fcgt, kann dennoch von den Vorteilen der Back\u00f6fen f\u00fcr den Au\u00dfenbereich profitieren, weil die\u00a0<strong>Alfa Palette auch kleine Back\u00f6fen erfasst<\/strong>. Unser kleinster Backofen ist\u00a0<b><a href=\"\/de\/produkt\/alfa-one-der-traditionelle-backofen-fuer-everyone\/\">One, der kompakte Pizzabackofen<\/a><\/b>, der auch f\u00fcr einen kleinen Balkon geeignet ist.<\/p>\n<p><strong>Die Gasback\u00f6fen k\u00f6nnen in der N\u00e4he von Gasleitung installiert werden<\/strong>.\u00a0<strong>Man kann sich andernfalls f\u00fcr die mobile Ausf\u00fchrung mit R\u00e4dern entscheiden<\/strong>. In diesem Fall muss aber zus\u00e4tzlich Platz f\u00fcr eine Gasflasche eingeplant werden.<\/p>\n","protected":false},"excerpt":{"rendered":"<p>Unsere Pizzaback\u00f6fen aus Stahl k\u00f6nnen \u00fcberall,\u00a0sowohl im Innen- als auch  [&#8230;]<\/p>\n","protected":false},"author":900,"featured_media":0,"menu_order":0,"comment_status":"closed","ping_status":"closed","template":"","format":"standard","meta":{"_acf_changed":false,"footnotes":""},"faq_category":[667],"class_list":["post-58589","avada_faq","type-avada_faq","status-publish","format-standard","hentry","faq_category-sezione-forni-domestici-de"],"acf":[],"_links":{"self":[{"href":"https:\/\/pro.alfaforni.com\/de\/wp-json\/wp\/v2\/avada_faq\/58589","targetHints":{"allow":["GET"]}}],"collection":[{"href":"https:\/\/pro.alfaforni.com\/de\/wp-json\/wp\/v2\/avada_faq"}],"about":[{"href":"https:\/\/pro.alfaforni.com\/de\/wp-json\/wp\/v2\/types\/avada_faq"}],"author":[{"embeddable":true,"href":"https:\/\/pro.alfaforni.com\/de\/wp-json\/wp\/v2\/users\/900"}],"replies":[{"embeddable":true,"href":"https:\/\/pro.alfaforni.com\/de\/wp-json\/wp\/v2\/comments?post=58589"}],"version-history":[{"count":2,"href":"https:\/\/pro.alfaforni.com\/de\/wp-json\/wp\/v2\/avada_faq\/58589\/revisions"}],"predecessor-version":[{"id":58607,"href":"https:\/\/pro.alfaforni.com\/de\/wp-json\/wp\/v2\/avada_faq\/58589\/revisions\/58607"}],"wp:attachment":[{"href":"https:\/\/pro.alfaforni.com\/de\/wp-json\/wp\/v2\/media?parent=58589"}],"wp:term":[{"taxonomy":"faq_category","embeddable":true,"href":"https:\/\/pro.alfaforni.com\/de\/wp-json\/wp\/v2\/faq_category?post=58589"}],"curies":[{"name":"wp","href":"https:\/\/api.w.org\/{rel}","templated":true}]}}

Wo kann ich die Alfa Backöfen für den Außenbereich installieren?

<p><strong>Unsere Pizzabacköfen aus Stahl können überall, </strong>sowohl im Innen- als auch Außenbereich,<strong> installiert werden.</strong></p>
<p><strong>Die mobilen Backöfen aus Stahl</strong> können zusammen mit dem Untergestell mit Rädern gekauft werden, wodurch sie sich <strong>bequem überall im Garten einsetzen</strong> und sich im Winter leicht in der Garage verstauen lassen.</p>
<p><strong>Auch die traditionellen Backöfen können im Innen- und Außenbereich installiert werden</strong> aber in beiden Fällen sind Mauerwerke erforderlich.</p>
<p>Wer über wenig Platz im Garten oder auf der Terrasse verfügt, kann dennoch von den Vorteilen der Backöfen für den Außenbereich profitieren, weil die <strong>Alfa Palette auch kleine Backöfen erfasst</strong>. Unser kleinster Backofen ist <b><a href="/de/produkt/alfa-one-der-traditionelle-backofen-fuer-everyone/">One, der kompakte Pizzabackofen</a></b>, der auch für einen kleinen Balkon geeignet ist.</p>
<p><strong>Die Gasbacköfen können in der Nähe von Gasleitung installiert werden</strong>. <strong>Man kann sich andernfalls für die mobile Ausführung mit Rädern entscheiden</strong>. In diesem Fall muss aber zusätzlich Platz für eine Gasflasche eingeplant werden.</p>

<p>Unsere Pizzabacköfen aus Stahl können überall, sowohl im Innen- als auch  [&#8230;]</p>
